{"id":103,"date":"2017-06-16T19:08:27","date_gmt":"2017-06-16T17:08:27","guid":{"rendered":"http:\/\/iberica.info\/?page_id=103"},"modified":"2019-08-04T19:00:08","modified_gmt":"2019-08-04T17:00:08","slug":"la-pena-sede-iberica","status":"publish","type":"page","link":"https:\/\/iberica.info\/index.php\/la-pena-sede-iberica\/","title":{"rendered":"LA PE\u00d1A SEDE IB\u00c9RICA"},"content":{"rendered":"<figure id=\"attachment_104\" aria-describedby=\"caption-attachment-104\" style=\"width: 1024px\" class=\"wp-caption aligncenter\"><img loading=\"lazy\" class=\"size-large wp-image-104\" src=\"http:\/\/iberica.info\/wp-content\/uploads\/2017\/06\/spectacle-flamenco-lille-nord-pas-de-calais-ib\u00e9rica-Pe\u00f1a-sede-Ib\u00e9rica-2-1024x683.jpg\" alt=\"\" width=\"1024\" height=\"683\" srcset=\"https:\/\/iberica.info\/wp-content\/uploads\/2017\/06\/spectacle-flamenco-lille-nord-pas-de-calais-ib\u00e9rica-Pe\u00f1a-sede-Ib\u00e9rica-2-1024x683.jpg 1024w, https:\/\/iberica.info\/wp-content\/uploads\/2017\/06\/spectacle-flamenco-lille-nord-pas-de-calais-ib\u00e9rica-Pe\u00f1a-sede-Ib\u00e9rica-2-300x200.jpg 300w, https:\/\/iberica.info\/wp-content\/uploads\/2017\/06\/spectacle-flamenco-lille-nord-pas-de-calais-ib\u00e9rica-Pe\u00f1a-sede-Ib\u00e9rica-2-768x512.jpg 768w, https:\/\/iberica.info\/wp-content\/uploads\/2017\/06\/spectacle-flamenco-lille-nord-pas-de-calais-ib\u00e9rica-Pe\u00f1a-sede-Ib\u00e9rica-2-750x500.jpg 750w\" sizes=\"(max-width: 1024px) 100vw, 1024px\" \/><figcaption id=\"caption-attachment-104\" class=\"wp-caption-text\">Restaurant Spectacle Espagnol Flamenco Fado Lille Seclin Nord pas de Calais Picardie Hauts de France<\/figcaption><\/figure>\n<p>V\u00e9ritable Lieu Exceptionnel d\u00e9di\u00e9 aux Cultures Espagnoles et Portugaises dans la r\u00e9gion des Hauts de France &#8211; Nord pas de Calais Picardie.<\/p>\n<p>Un d\u00e9paysement total, digne des grandes Pe\u00f1a Flamenco, des casa de Fado, \u00e0 10 km de Lille, la Pe\u00f1a Ib\u00e9rica : le cabaret Ib\u00e9rique du Nord, vous ouvre ses portes pour des activit\u00e9s divertisantes et de qualit\u00e9.<\/p>\n<ul>\n<li>Spectacles et Repas Flamenco, Fado, Espagnol, Portugais, Br\u00e9silien, Oriental, salsa ou Latino &#8230;<\/li>\n<li>Cours de langues Espagnole et\/ou Portugaise<\/li>\n<li>Cours et Stages de danse Famenco, S\u00e9villanes, Salsa, Orientale<\/li>\n<li>Cours de guitare et de Caj\u00f3n<\/li>\n<\/ul>\n<p>et bien d&#8217;autres choses &#8230;&#8230; Ol\u00e9<\/p>\n<p>Un v\u00e9ritable bonheur empreint de convivialit\u00e9 Ib\u00e9rique et d&#8217;amiti\u00e9 dans la r\u00e9gion Lilloise !<\/p>\n<p><img loading=\"lazy\" class=\"aligncenter size-large wp-image-105\" src=\"http:\/\/iberica.info\/wp-content\/uploads\/2017\/06\/spectacle-flamenco-lille-nord-pas-de-calais-ib\u00e9rica-Pe\u00f1a-sede-Ib\u00e9rica-3-1024x768.jpg\" alt=\"\" width=\"1024\" height=\"768\" srcset=\"https:\/\/iberica.info\/wp-content\/uploads\/2017\/06\/spectacle-flamenco-lille-nord-pas-de-calais-ib\u00e9rica-Pe\u00f1a-sede-Ib\u00e9rica-3-1024x768.jpg 1024w, https:\/\/iberica.info\/wp-content\/uploads\/2017\/06\/spectacle-flamenco-lille-nord-pas-de-calais-ib\u00e9rica-Pe\u00f1a-sede-Ib\u00e9rica-3-300x225.jpg 300w, https:\/\/iberica.info\/wp-content\/uploads\/2017\/06\/spectacle-flamenco-lille-nord-pas-de-calais-ib\u00e9rica-Pe\u00f1a-sede-Ib\u00e9rica-3-768x576.jpg 768w, https:\/\/iberica.info\/wp-content\/uploads\/2017\/06\/spectacle-flamenco-lille-nord-pas-de-calais-ib\u00e9rica-Pe\u00f1a-sede-Ib\u00e9rica-3-750x563.jpg 750w\" sizes=\"(max-width: 1024px) 100vw, 1024px\" \/><\/p>\n<p><strong>PE\u00d1A SEDE IB\u00c9RICA<\/strong><\/p>\n<p>160 arri\u00e8re, rue des Martyrs de la r\u00e9sistance &#8211; All\u00e9e des jardins 59113 SECLIN<\/p>\n<p>Acc\u00e8s : Garez-vous dans la rue des martyrs (proche du 160) &#8211; Empruntez l&#8217;all\u00e9e des jardins (\u00e0 droite du numero 154) &#8211; au bout \u00e0 gauche : Vous \u00eates en Espagne et au Portugal !!!<\/p>\n<figure id=\"attachment_690\" aria-describedby=\"caption-attachment-690\" style=\"width: 1024px\" class=\"wp-caption aligncenter\"><img loading=\"lazy\" class=\"size-large wp-image-690\" src=\"http:\/\/iberica.info\/wp-content\/uploads\/2019\/08\/18-09-25-Plan-Iberica-2-1024x692.jpg\" alt=\"cabaret restaurant bar concert spectacle espagnol flamenco fado portugais lille seclin nord pas de calais hauts de france\" width=\"1024\" height=\"692\" srcset=\"https:\/\/iberica.info\/wp-content\/uploads\/2019\/08\/18-09-25-Plan-Iberica-2-1024x692.jpg 1024w, https:\/\/iberica.info\/wp-content\/uploads\/2019\/08\/18-09-25-Plan-Iberica-2-300x203.jpg 300w, https:\/\/iberica.info\/wp-content\/uploads\/2019\/08\/18-09-25-Plan-Iberica-2-768x519.jpg 768w, https:\/\/iberica.info\/wp-content\/uploads\/2019\/08\/18-09-25-Plan-Iberica-2-750x507.jpg 750w\" sizes=\"(max-width: 1024px) 100vw, 1024px\" \/><figcaption id=\"caption-attachment-690\" class=\"wp-caption-text\">cabaret restaurant bar concert spectacle Espagnol flamenco fado Portugais Lille Seclin nord pas de calais hauts de France<\/figcaption><\/figure>\n","protected":false},"excerpt":{"rendered":"<p>V\u00e9ritable Lieu Exceptionnel d\u00e9di\u00e9 aux Cultures Espagnoles et Portugaises dans la r\u00e9gion des Hauts de France &#8211; Nord pas de Calais Picardie. Un d\u00e9paysement total, digne des grandes Pe\u00f1a Flamenco, des casa de Fado, \u00e0 10 km de Lille, la Pe\u00f1a Ib\u00e9rica : le cabaret Ib\u00e9rique du Nord, vous ouvre ses portes pour des activit\u00e9s [&hellip;]<\/p>\n","protected":false},"author":1,"featured_media":0,"parent":0,"menu_order":0,"comment_status":"closed","ping_status":"closed","template":"","meta":{"_mi_skip_tracking":false,"ngg_post_thumbnail":0},"yoast_head":"<!-- This site is optimized with the Yoast SEO plugin v18.9 - https:\/\/yoast.com\/wordpress\/plugins\/seo\/ -->\n<title>LA PE\u00d1A SEDE IB\u00c9RICA - Ib\u00e9rica Centre de Culture Art &amp; Danse<\/title>\n<meta name=\"robots\" content=\"index, follow, max-snippet:-1, max-image-preview:large, max-video-preview:-1\" \/>\n<link rel=\"canonical\" href=\"https:\/\/iberica.info\/index.php\/la-pena-sede-iberica\/\" \/>\n<meta property=\"og:locale\" content=\"fr_FR\" \/>\n<meta property=\"og:type\" content=\"article\" \/>\n<meta property=\"og:title\" content=\"LA PE\u00d1A SEDE IB\u00c9RICA - Ib\u00e9rica Centre de Culture Art &amp; Danse\" \/>\n<meta property=\"og:description\" content=\"V\u00e9ritable Lieu Exceptionnel d\u00e9di\u00e9 aux Cultures Espagnoles et Portugaises dans la r\u00e9gion des Hauts de France &#8211; Nord pas de Calais Picardie. Un d\u00e9paysement total, digne des grandes Pe\u00f1a Flamenco, des casa de Fado, \u00e0 10 km de Lille, la Pe\u00f1a Ib\u00e9rica : le cabaret Ib\u00e9rique du Nord, vous ouvre ses portes pour des activit\u00e9s [&hellip;]\" \/>\n<meta property=\"og:url\" content=\"https:\/\/iberica.info\/index.php\/la-pena-sede-iberica\/\" \/>\n<meta property=\"og:site_name\" content=\"Ib\u00e9rica Centre de Culture Art &amp; Danse\" \/>\n<meta property=\"article:publisher\" content=\"https:\/\/www.facebook.com\/iberica.nord\" \/>\n<meta property=\"article:modified_time\" content=\"2019-08-04T17:00:08+00:00\" \/>\n<meta property=\"og:image\" content=\"http:\/\/iberica.info\/wp-content\/uploads\/2019\/08\/18-09-25-Plan-Iberica-2-1024x692.jpg\" \/>\n<meta name=\"twitter:card\" content=\"summary\" \/>\n<meta name=\"twitter:label1\" content=\"Dur\u00e9e de lecture estim\u00e9e\" \/>\n\t<meta name=\"twitter:data1\" content=\"1 minute\" \/>\n<script type=\"application\/ld+json\" class=\"yoast-schema-graph\">{\"@context\":\"https:\/\/schema.org\",\"@graph\":[{\"@type\":\"WebSite\",\"@id\":\"https:\/\/iberica.info\/#website\",\"url\":\"https:\/\/iberica.info\/\",\"name\":\"Ib\u00e9rica Centre de Culture Art &amp; Danse\",\"description\":\"Flamenco Fado Gypsy Espagne Portugal Hauts de France - France\",\"potentialAction\":[{\"@type\":\"SearchAction\",\"target\":{\"@type\":\"EntryPoint\",\"urlTemplate\":\"https:\/\/iberica.info\/?s={search_term_string}\"},\"query-input\":\"required name=search_term_string\"}],\"inLanguage\":\"fr-FR\"},{\"@type\":\"ImageObject\",\"inLanguage\":\"fr-FR\",\"@id\":\"https:\/\/iberica.info\/index.php\/la-pena-sede-iberica\/#primaryimage\",\"url\":\"https:\/\/iberica.info\/wp-content\/uploads\/2019\/08\/18-09-25-Plan-Iberica-2.jpg\",\"contentUrl\":\"https:\/\/iberica.info\/wp-content\/uploads\/2019\/08\/18-09-25-Plan-Iberica-2.jpg\",\"width\":3265,\"height\":2206,\"caption\":\"cabaret restaurant bar concert spectacle espagnol flamenco fado portugais lille seclin nord pas de calais hauts de france\"},{\"@type\":\"WebPage\",\"@id\":\"https:\/\/iberica.info\/index.php\/la-pena-sede-iberica\/#webpage\",\"url\":\"https:\/\/iberica.info\/index.php\/la-pena-sede-iberica\/\",\"name\":\"LA PE\u00d1A SEDE IB\u00c9RICA - Ib\u00e9rica Centre de Culture Art &amp; Danse\",\"isPartOf\":{\"@id\":\"https:\/\/iberica.info\/#website\"},\"primaryImageOfPage\":{\"@id\":\"https:\/\/iberica.info\/index.php\/la-pena-sede-iberica\/#primaryimage\"},\"datePublished\":\"2017-06-16T17:08:27+00:00\",\"dateModified\":\"2019-08-04T17:00:08+00:00\",\"breadcrumb\":{\"@id\":\"https:\/\/iberica.info\/index.php\/la-pena-sede-iberica\/#breadcrumb\"},\"inLanguage\":\"fr-FR\",\"potentialAction\":[{\"@type\":\"ReadAction\",\"target\":[\"https:\/\/iberica.info\/index.php\/la-pena-sede-iberica\/\"]}]},{\"@type\":\"BreadcrumbList\",\"@id\":\"https:\/\/iberica.info\/index.php\/la-pena-sede-iberica\/#breadcrumb\",\"itemListElement\":[{\"@type\":\"ListItem\",\"position\":1,\"name\":\"Accueil\",\"item\":\"https:\/\/iberica.info\/\"},{\"@type\":\"ListItem\",\"position\":2,\"name\":\"LA PE\u00d1A SEDE IB\u00c9RICA\"}]}]}<\/script>\n<!-- \/ Yoast SEO plugin. -->","yoast_head_json":{"title":"LA PE\u00d1A SEDE IB\u00c9RICA - Ib\u00e9rica Centre de Culture Art &amp; Danse","robots":{"index":"index","follow":"follow","max-snippet":"max-snippet:-1","max-image-preview":"max-image-preview:large","max-video-preview":"max-video-preview:-1"},"canonical":"https:\/\/iberica.info\/index.php\/la-pena-sede-iberica\/","og_locale":"fr_FR","og_type":"article","og_title":"LA PE\u00d1A SEDE IB\u00c9RICA - Ib\u00e9rica Centre de Culture Art &amp; Danse","og_description":"V\u00e9ritable Lieu Exceptionnel d\u00e9di\u00e9 aux Cultures Espagnoles et Portugaises dans la r\u00e9gion des Hauts de France &#8211; Nord pas de Calais Picardie. Un d\u00e9paysement total, digne des grandes Pe\u00f1a Flamenco, des casa de Fado, \u00e0 10 km de Lille, la Pe\u00f1a Ib\u00e9rica : le cabaret Ib\u00e9rique du Nord, vous ouvre ses portes pour des activit\u00e9s [&hellip;]","og_url":"https:\/\/iberica.info\/index.php\/la-pena-sede-iberica\/","og_site_name":"Ib\u00e9rica Centre de Culture Art &amp; Danse","article_publisher":"https:\/\/www.facebook.com\/iberica.nord","article_modified_time":"2019-08-04T17:00:08+00:00","og_image":[{"url":"http:\/\/iberica.info\/wp-content\/uploads\/2019\/08\/18-09-25-Plan-Iberica-2-1024x692.jpg"}],"twitter_card":"summary","twitter_misc":{"Dur\u00e9e de lecture estim\u00e9e":"1 minute"},"schema":{"@context":"https:\/\/schema.org","@graph":[{"@type":"WebSite","@id":"https:\/\/iberica.info\/#website","url":"https:\/\/iberica.info\/","name":"Ib\u00e9rica Centre de Culture Art &amp; Danse","description":"Flamenco Fado Gypsy Espagne Portugal Hauts de France - France","potentialAction":[{"@type":"SearchAction","target":{"@type":"EntryPoint","urlTemplate":"https:\/\/iberica.info\/?s={search_term_string}"},"query-input":"required name=search_term_string"}],"inLanguage":"fr-FR"},{"@type":"ImageObject","inLanguage":"fr-FR","@id":"https:\/\/iberica.info\/index.php\/la-pena-sede-iberica\/#primaryimage","url":"https:\/\/iberica.info\/wp-content\/uploads\/2019\/08\/18-09-25-Plan-Iberica-2.jpg","contentUrl":"https:\/\/iberica.info\/wp-content\/uploads\/2019\/08\/18-09-25-Plan-Iberica-2.jpg","width":3265,"height":2206,"caption":"cabaret restaurant bar concert spectacle espagnol flamenco fado portugais lille seclin nord pas de calais hauts de france"},{"@type":"WebPage","@id":"https:\/\/iberica.info\/index.php\/la-pena-sede-iberica\/#webpage","url":"https:\/\/iberica.info\/index.php\/la-pena-sede-iberica\/","name":"LA PE\u00d1A SEDE IB\u00c9RICA - Ib\u00e9rica Centre de Culture Art &amp; Danse","isPartOf":{"@id":"https:\/\/iberica.info\/#website"},"primaryImageOfPage":{"@id":"https:\/\/iberica.info\/index.php\/la-pena-sede-iberica\/#primaryimage"},"datePublished":"2017-06-16T17:08:27+00:00","dateModified":"2019-08-04T17:00:08+00:00","breadcrumb":{"@id":"https:\/\/iberica.info\/index.php\/la-pena-sede-iberica\/#breadcrumb"},"inLanguage":"fr-FR","potentialAction":[{"@type":"ReadAction","target":["https:\/\/iberica.info\/index.php\/la-pena-sede-iberica\/"]}]},{"@type":"BreadcrumbList","@id":"https:\/\/iberica.info\/index.php\/la-pena-sede-iberica\/#breadcrumb","itemListElement":[{"@type":"ListItem","position":1,"name":"Accueil","item":"https:\/\/iberica.info\/"},{"@type":"ListItem","position":2,"name":"LA PE\u00d1A SEDE IB\u00c9RICA"}]}]}},"_links":{"self":[{"href":"https:\/\/iberica.info\/index.php\/wp-json\/wp\/v2\/pages\/103"}],"collection":[{"href":"https:\/\/iberica.info\/index.php\/wp-json\/wp\/v2\/pages"}],"about":[{"href":"https:\/\/iberica.info\/index.php\/wp-json\/wp\/v2\/types\/page"}],"author":[{"embeddable":true,"href":"https:\/\/iberica.info\/index.php\/wp-json\/wp\/v2\/users\/1"}],"replies":[{"embeddable":true,"href":"https:\/\/iberica.info\/index.php\/wp-json\/wp\/v2\/comments?post=103"}],"version-history":[{"count":3,"href":"https:\/\/iberica.info\/index.php\/wp-json\/wp\/v2\/pages\/103\/revisions"}],"predecessor-version":[{"id":692,"href":"https:\/\/iberica.info\/index.php\/wp-json\/wp\/v2\/pages\/103\/revisions\/692"}],"wp:attachment":[{"href":"https:\/\/iberica.info\/index.php\/wp-json\/wp\/v2\/media?parent=103"}],"curies":[{"name":"wp","href":"https:\/\/api.w.org\/{rel}","templated":true}]}}